 divisor of r and 102.
51
Let g(d) = -11*d**2 + 3*d**3 - 5 + 4*d**3 - 8*d**3 - 13*d - 1. Let t be g(-10). Let b = -3 - -51. What is the greatest common factor of b and t?
24
Suppose -x + t + 2 = -2*x, -4 = 2*x + t. Let n be 1 - (2 + 179)*x. Calculate the highest common factor of n and 33.
33
Let k(r) = -3*r - 7. Let u be k(-3). Suppose -4*a - u*m + 136 = -m, 4*a = 2*m + 124. Calculate the greatest common factor of a and 66.
33
Suppose -4 = -2*z - 0*z. Let w = z - -11. Let n be 0 - (17 - 26) - (-17 - 0). What is the greatest common divisor of n and w?
13
Let d(o) = -30*o - 246. Let g be d(-19). Calculate the highest common factor of g and 4.
4
Let l(w) = -2*w**3 - 2*w**2 - 4*w - 4. Let j be l(-2). Let k = 12 - j. Suppose k = a + 3 - 34. Calculate the greatest common divisor of 62 and a.
31
Suppose 4*c - 28*q = -29*q + 2607, -2*c + 2*q + 1296 = 0. What is the greatest common divisor of 21 and c?
21
Suppose 30*c - 232 = 338. What is the greatest common divisor of 152 and c?
19
Let v(f) = f**3 - 7*f**2 + 8*f + 15. Let l = 81 + -73. Let n be v(l). Calculate the greatest common factor of n and 11.
11
Suppose -762 = -21*f + 204. Calculate the highest common factor of 1886 and f.
46
Suppose -2*f + 5*y = -45, -4*f + 3*y = -128 + 17. Calculate the greatest common factor of f and 24.
6
Let y be (-1)/((-10)/6 - 18/(-27)). Let a be y*(-65)/(-2) + (-9)/(-18). What is the highest common divisor of a and 99?
33
Suppose 4*z = -3*m - 0*m + 72, 3*m = -5*z + 93. Suppose 5*i + z = 171. Let r = i - 12. Calculate the highest common factor of r and 90.
18
Let l(i) = i**2 - 36*i + 277. Let d be l(25). What is the greatest common divisor of 32 and d?
2
Let n be 58 - ((-15)/30)/(2/(-20)). Calculate the highest common divisor of n and 159.
53
Suppose -5*a - 6 = 4*i - 846, -a + 5*i = -168. Suppose -r = -5*r + a. Suppose 4*g - r = -4*q + 6, q + 10 = g. What is the highest common divisor of 33 and g?
11
Suppose 8*l + 2407 = 2983. Let s(p) = 3*p**2 + 6*p + 3. Let h be s(5). Calculate the highest common factor of l and h.
36
Let w be -214*4/56 - 4/(-14). Let u = w + 20. Calculate the highest common factor of u and 30.
5
Let l be (7 + 3)/(3 + (-32)/12). Let x be 160/12*-9*(-4)/l. Calculate the highest common factor of x and 144.
16
Let j(q) = q**3 - 7*q**2 - 15*q - 17. Let i be j(9). What is the highest common divisor of 106 and i?
2
Suppose 12 + 8 = 5*x. Suppose 4*h = x*d + 336, 2*h - 3*d = 54 + 110. Calculate the highest common factor of 11 and h.
11
Let z be ((-8)/((-160)/225))/((-6)/(-512)). What is the greatest common divisor of 128 and z?
64
Let v(c) = c**2 - 5*c + 23. Let x be v(13). Suppose -8*w = -7*w - 1, -w = -2*f + x. What is the highest common divisor of f and 160?
32
Suppose 228 = 2*c + 8*j, 0 = -5*c - 6*j + 4*j + 552. Calculate the greatest common divisor of c and 44.
22
Let c(n) = -2*n**3 + 27*n**2 + n + 3. Let z be c(13). Suppose -y + 211 = z. Calculate the greatest common factor of y and 39.
13
Let j(c) = 10*c - 14. Let l be j(7). Let f = 35 + -27. What is the greatest common divisor of l and f?
8
Let w(v) = 2*v + 15. Let l be w(-6). Let i = l - -22. Calculate the greatest common divisor of i and 100.
25
Suppose -5*n - 2223 = -14*n. Calculate the highest common factor of 19 and n.
19
Let m be ((-18)/45)/(4/(-10)). Let k(r) = 26*r - 4. Let u be k(m). What is the highest common factor of 22 and u?
22
Let g = 1080 + -761. Calculate the highest common factor of 145 and g.
29
Suppose 3*z = 5*o - 2, 5*o + 3*z = 4*o + 4. What is the greatest common factor of o and 1?
1
Let z(d) = -d**2 + 11*d + 12. Let x be z(10). Let t = 8 + x. What is the greatest common factor of 75 and t?
15
Let o = 126 - 114. What is the greatest common divisor of 516 and o?
12
Suppose -4*h + 71 = -121. Calculate the highest common divisor of 24 and h.
24
Suppose -2 = 58*x - 59*x. Let r be x/10 + (-356)/(-20). Calculate the greatest common factor of 45 and r.
9
Suppose -98 = -a - 3*s, 0*a + 5*s + 152 = 2*a. Let z be (6 - 1)/((-91)/(-3913)). Calculate the greatest common divisor of a and z.
43
Suppose -20*j + 19*j + 37 = 0. Suppose 0*o + 5*f = -o + 32, -2*o - f + j = 0. Suppose -2*d - 3*d = -680. What is the greatest common divisor of o and d?
17
Let w(j) = -8*j. Let r be w(-2). Let b be 13 + r/(-8 + 4). Calculate the highest common divisor of 3 and b.
3
Let p = 17 - 7. Suppose -3*y = -4*b - 30, -5*y + 4*b - b = -50. What is the highest common divisor of p and y?
10
Let k = 7 + -1. Suppose -5*u - k = -31. Let b = 16 - u. What is the greatest common factor of b and 55?
11
Let d be 14/3 - -2*1/(-3). Suppose -p = -d*p + 6, 4*p = -w + 103. What is the greatest common factor of 38 and w?
19
Suppose -4*c + 143 - 47 = 0. Calculate the greatest common factor of 52 and c.
4
Suppose 2*x - 447 = -47. Suppose 4*q - 129 = -3*l, 5*q = -2*l + 6*l + x. Calculate the greatest common factor of 54 and q.
18
Let x(u) = -u**2 + 16*u - 19. Let n = -25 + 51. Suppose -h - h + n = 0. Let z be x(h). Calculate the highest common factor of z and 220.
20
Suppose -76 = -4*q + 2*x + 70, 10 = 2*x. What is the highest common factor of 6 and q?
3
Let t(o) = o**3 + 3*o**2 - 31*o - 6. Let i be t(5). What is the greatest common divisor of 741 and i?
39
Suppose 3 - 6 = -i. Let j be (5/(-3))/(i/(-63)). Let w = -10 + j. Calculate the greatest common divisor of 5 and w.
5
Suppose -454*o - i = -457*o + 73, o - i - 25 = 0. What is the greatest common factor of 684 and o?
12
Suppose -3*q = -4*q + 6. Suppose -78 + 288 = q*b. Calculate the greatest common divisor of 7 and b.
7
Suppose 3*f + 51 = -2*f - j, -4*j = 2*f + 24. Let k = f - -24. Calculate the highest common divisor of k and 98.
14
Suppose 3*c - 4*c + 20 = 0. Suppose 2*l = -q + 44, -3*q - 64 = -3*l - 4*q. What is the highest common divisor of l and c?
20
Suppose -2*d + 7*d + 10 = 0. Let q be 3/6 - (-17)/d. Let g = q - -14. What is the greatest common divisor of g and 66?
6
Let x be (-8)/(-6)*(0 - -3). Suppose 2*n + i - 27 = 0, 3*n - 2*n - x*i = 9. Calculate the highest common factor of 221 and n.
13
Suppose 0 = -27*g + 31*g - 12. Suppose -l = -w - 38, 6 = -2*l + g*w + 84. What is the greatest common divisor of l and 12?
12
Suppose v + 0*v - 7 = 0. Let c(z) = z**2 + z + 8. Let o be c(0). Suppose -n - h - 30 = -5*n, 0 = 2*n + 3*h - o. What is the highest common divisor of n and v?
7
Let o(c) = 4*c**2 + 2*c**2 + c**3 - 3*c + 7 + 6*c. Let f = -72 + 67. Let n be o(f). Calculate the highest common divisor of n and 17.
17
Let v be 4*(-1 + 0)*(-9 - -7). Suppose -3*r + 5*x = -7, -5*x + v = r - 1. Let o be 2/4 + (-6)/(-4). Calculate the greatest common factor of r and o.
2
Let i be 2/3 + 0 + (-3950)/(-15). Calculate the highest common factor of 121 and i.
11
Let z = 483 - 443. What is the greatest common divisor of z and 370?
10
Let l = -761 + 1274. What is the greatest common divisor of l and 27?
27
Let r(h) = -3*h - 1. Let l be r(-3). Let d be l*(8 - 1 - -4). Calculate the highest common divisor of 8 and d.
8
Let b(r) = r**3 - 30*r**2 - 28*r + 102. Let u be b(31). What is the greatest common factor of u and 52?
13
Suppose -s + 3*s + 5*i = 365, 4*s + 4*i = 724. Suppose 2*w + 6*g = 2*g + 24, 0 = 3*w + 4*g - 44. Calculate the greatest common factor of s and w.
20
Let r(x) = 7*x**2 - 6*x + 27. Let o be r(6). Calculate the greatest common divisor of o and 72.
9
Suppose -5 - 19 = -4*i. Suppose -3*z - 5*s = z - 40, -4*z = -4*s - 76. Calculate the greatest common divisor of i and z.
3
Let o = 865 + -321. Calculate the highest common factor of 17 and o.
17
Let k = 60 + -55. Suppose -2*h + 206 = k*x - 3*x, 5*x + 4*h - 512 = 0. What is the highest common divisor of 20 and x?
20
Suppose -11*d + 942 = 150. What is the highest common factor of d and 90?
18
Let l(d) = 45*d**3 - 2*d**2 - 20*d + 21. Let v be l(1). Calculate the highest common factor of 44 and v.
44
Suppose -34 = 269*p - 270*p. What is the greatest common factor of p and 10?
2
Let n = 41 - -13. Calculate the greatest common divisor of n and 216.
54
Let v(i) = i + 6. Suppose 15 = 3*n, 5*w = n + 11 + 14. Suppose w*j - j - 65 = 0. Let f be v(j). Calculate the greatest common divisor of 133 and f.
19
Suppose 856 + 349 = 158*r - 59. Let j be (16/3)/((-1)/(-21)). What is the highest common factor of r and j?
8
Let i = 22 + 76. Calculate the 